e 13, what is -12602 + -3?
-12605
In base 4, what is -23031 + -20313?
-110010
In base 7, what is -62361 - -4?
-62354
In base 15, what is -2 + 1676?
1674
In base 2, what is 110011010101 - 11?
110011010010
In base 15, what is 1 + -3ea9?
-3ea8
In base 10, what is 7 + -1555?
-1548
In base 16, what is 32f8 - -4?
32fc
In base 6, what is 1530 - -144?
2114
In base 15, what is -5a94 + -194?
-5c38
In base 11, what is -2 - -1916?
1914
In base 8, what is 17700 - 1257?
16421
In base 12, what is 3 - 7ab8?
-7ab5
In base 5, what is 4 - 10211034?
-10211030
In base 9, what is -27 + 32?
4
In base 4, what is 3 + -1210232123?
-1210232120
In base 6, what is 554420 + 0?
554420
In base 2, what is -1011011 - 100010111111?
-100100011010
In base 6, what is -341 - 22021?
-22402
In base 14, what is -a05 + 23?
-9c2
In base 12, what is 370 + bb?
46b
In base 10, what is -1 - 34756?
-34757
In base 5, what is -3342 - -10113?
1221
In base 5, what is -140410 - -1122?
-134233
In base 12, what is 738 + 231?
969
In base 15, what is 3 - -646?
649
In base 3, what is 2110 - -1012120222?
1012200102
In base 5, what is 144134 - 1110?
143024
In base 9, what is 560 + 65?
635
In base 9, what is 1041 + 258?
1310
In base 3, what is -100 + -112212201?
-112220001
In base 7, what is -135136 + -13?
-135152
In base 7, what is -11360 + -11?
-11401
In base 14, what is 4 + -20430?
-2042a
In base 12, what is 30b + 50?
35b
In base 8, what is 43546 - -30?
43576
In base 5, what is -1421 + 11431?
10010
In base 8, what is 2400 - -526?
3126
In base 13, what is -34 - -1018?
cb4
In base 7, what is 153030 - -3?
153033
In base 12, what is 34 - -1164?
1198
In base 2, what is -1000110100101010 + -101?
-1000110100101111
In base 10, what is 12332 - 1?
12331
In base 3, what is 102 - -12221020?
12221122
In base 12, what is 28289 + -5?
28284
In base 6, what is -5 - 12440405?
-12440414
In base 7, what is 1026 - -103?
1132
In base 9, what is -2 - 11681?
-11683
In base 7, what is -5 + 4420023?
4420015
In base 15, what is 69 + -2?
67
In base 13, what is -39012 + 43?
-38c9c
In base 9, what is -2 + -216445?
-216447
In base 5, what is 2 + 11434323?
11434330
In base 14, what is -3c0c0 + 0?
-3c0c0
In base 13, what is -20b71 + -2?
-20b73
In base 3, what is 122011 + -2012?
112222
In base 13, what is -3a5908 + -3?
-3a590b
In base 6, what is 13 - 3504?
-3451
In base 7, what is 13513 + 255?
14101
In base 13, what is -21 + -4582?
-45a3
In base 3, what is 2 - -10021101121?
10021101200
In base 5, what is -3 + 443410?
443402
In base 5, what is -132330 - -13?
-132312
In base 3, what is 11210 - 101?
11102
In base 6, what is 1315030 - 2?
1315024
In base 8, what is 2057251 - 6?
2057243
In base 12, what is 81 - -197b?
1a40
In base 16, what is -f08 + -d?
-f15
In base 6, what is 5 + -1355213?
-1355204
In base 4, what is -223 - -2330002?
2323113
In base 12, what is 32739 - 4?
32735
In base 7, what is 52511 - 4?
52504
In base 11, what is -54096 + 2?
-54094
In base 13, what is -41 - 25c2?
-2633
In base 3, what is 201111 - 101020?
100021
In base 10, what is -2 + -111036?
-111038
In base 12, what is b768 + -2?
b766
In base 11, what is -135585 + 5?
-135580
In base 8, what is -672 - -501?
-171
In base 9, what is 73131 - -4?
73135
In base 3, what is -10111122 - -2122?
-10102000
In base 6, what is 2 + -1114552?
-1114550
In base 15, what is -6836 - -10?
-6826
In base 2, what is -1 + -1000100101000101100?
-1000100101000101101
In base 10, what is -100 - -79418?
79318
In base 13, what is 3c + 461?
4a0
In base 13, what is 3a4 + 0?
3a4
In base 6, what is 1045 + -31533?
-30444
In base 7, what is -134464 - -246?
-134215
In base 6, what is -102 - 110112?
-110214
In base 4, what is 11013313 - -2?
11013321
In base 6, what is 3213 - 111?
3102
In base 10, what is -9 - -34305?
34296
In base 16, what is -3 - -5cb5?
5cb2
In base 10, what is 4 + -1038173?
-1038169
In base 6, what is 1 + 32103?
32104
In base 5, what is -10 - 14244011?
-14244021
In base 14, what is 41 - 8066?
-8025
In base 4, what is -102133222 - 1?
-102133223
In base 15, what is -e + 514?
505
In base 14, what is 2d6 - -6?
2dc
In base 5, what is 4 - 20234022?
-20234013
In base 14, what is 1aaa - 2?
1aa8
In base 6, what is -32 + -3125434?
-3125510
In base 7, what is -564 - -1206?
312
In base 16, what is -8c0a2f - 0?
-8c0a2f
In base 5, what is 10243204 - 12?
10243142
In base 5, what is -113 + 23401?
23233
In base 5, what is 3 - -243013?
243021
In base 6, what is -2 + -35405?
-35411
In base 7, what is -2 - 212152?
-212154
In base 15, what is 60 - -2a?
8a
In base 10, what is 4145 + -71?
4074
In base 11, what is -5a - -864?
805
In base 5, what is 24410442 - -4?
24411001
In base 4, what is 2 + -1201233?
-1201231
In base 12, what is -253 + -61?
-2b4
In base 6, what is 3224 - -130?
3354
In base 4, what is -31 - 20132100?
-20132131
In base 2, what is -11 - 100111111110101?
-100111111111000
In base 12, what is 99 - 6824?
-6747
In base 14, what is c17 - 4?
c13
In base 9, what is -115 + -1522?
-1637
In base 2, what is 10101101001011011010 - 11?
10101101001011010111
In base 10, what is -33 + 92?
59
In base 13, what is 16cba - 6?
16cb4
In base 6, what is 1152 - -513?
2105
In base 11, what is -112 + 599a?
5888
In base 13, what is -143 - -890?
74a
In base 6, what is -2043520 + 4?
-2043512
In base 16, what is -2 - 1f3cb?
-1f3cd
In base 14, what is 24 + 4469?
448d
In base 12, what is 347 - 672?
-327
In base 5, what is -1114 + 241311?
240142
In base 15, what is 1086 + 12c?
11b3
In base 4, what is 1100 + 10223333?
10231033
In base 5, what is 1242311 - -113?
1242424
In base 11, what is -7 - -16078?
16071
In base 13, what is -2a82 + -1?
-2a83
In base 6, what is -4 + 40341003?
40340555
In base 13, what is 61 - -3b6?
447
In base 7, what is 531 - -303?
1134
In base 9, what is 3 - 135437?
-135434
In base 16, what is 668 + 37?
69f
In base 14, what is 16a - b7?
93
In base 8, what is 5 - 2757?
-2752
In base 6, what is -11031 + -2230?
-13301
In base 9, what is 1 + 156223?
156224
In base 5, what is 32 - 10114324?
-10114242
In base 6, what is -2 - -220332?
220330
In base 2, what is -1000 + 11010110001?
11010101001
In base 14, what is -420 + -c53?
-1273
In base 2, what is -10 + 100011100010111?
100011100010101
In base 11, what is 81 + -521?
-450
In base 6, what is 43114351 - -5?
43114400
In base 14, what is -226c + 11?
-225b
In base 12, what is -17 - 7826?
-7841
In base 4, what is 1130222 + 2?
1130230
In base 13, what is 585 + -1b5?
3a0
In base 10, what is 7020 + 5?
7025
In base 2, what is -1111110001111010 - 100?
-1111110001111110
In base 3, what is -22112001221 + -20?
-22112002011
In base 7, what is 3462364 + -1?
3462363
In base 3, what is -10 + -1212022010200?
-1212022010210
In base 13, what is -3744c - 0?
-3744c
In base 3, what is -21 - 1001002?
-1001100
In base 15, what is 120e5 - -3?
120e8
In base 9, what is 1757 - -28?
1786
In base 4, what is -10 - -11110231?
11110221
In base 15, what is -6 + -1cca?
-1cd1
In base 7, what is -202 - -11410?
11205
In base 6, what is -1 - 1244255?
-1244300
In base 9, what is 2 - 5363?
-5361
In base 13, what is 9a + -703?
-636
In base 9, what is 15 - 130468?
-130453
In base 2, what is -1010010 - -100111111?
11101101
In base 8, what is 4 - -1711154?
1711160
In base 2, what is 101011011 - 111001111111?
-110100100100
In base 6, what is 211 - 515?
-304
In base 11, what is -15a4 + -38?
-1631
In base 16, what is fa875 - -1?
fa876
In base 16, what is 2 + -5a416?
-5a414
In base 5, what is 123 - 121040?
-120412
In base 16, what is -4f + 2b?
-24
In base 5, what is 103022244 - 4?
103022240
In base 15, what is 26c - -22?
28e
In base 5, what is -123102 - 414?
-124021
In base 8, what is -445 - 30434?
-31101
In base 14, what is -11 + -7aa?
-7bb
In base 15, what is 6c9 - -1ce?
8a8
In base 14, what is 5a - 5a4?
-548
In base 9, what is -4683 - 1261?
-6054
In base 8, what is -7715214 + 4?
-7715210
In base 14, what is 179 + 230?
3a9
In base 11, what is -4 - 34a904?
-34a908
In base 4, what is 230030 - 210?
223220
In base 9, what is 281 - -455?
746
In base 10, what is 5 - -10080?
10085
In base 14, what is -2 + -28876?
-28878
In base 2, what is -100 - 10111101110001?
-10111101110101
In base 2, what is -11101001111 + -10111?
-11101100110
In base 13, what is -164c + -2?
-1651
In base 5, what is 1134024 + -4?
1134020
In 